{"id":17,"date":"2024-10-09T15:19:38","date_gmt":"2024-10-09T13:19:38","guid":{"rendered":"https:\/\/desplantesetdesfemmes.fr\/?page_id=17"},"modified":"2025-04-16T17:40:34","modified_gmt":"2025-04-16T15:40:34","slug":"contact","status":"publish","type":"page","link":"https:\/\/desplantesetdesfemmes.fr\/index.php\/contact\/","title":{"rendered":"contact"},"content":{"rendered":"\n<p class=\"has-text-align-center has-medium-font-size\">Vous pouvez me contacter par t\u00e9l\u00e9phone au<strong> 06 03 97 86 11 <\/strong><\/p>\n\n\n\n<p class=\"has-text-align-center has-medium-font-size\">ou sur ma page <a href=\"https:\/\/www.facebook.com\/Veraherboriste\" target=\"_blank\" rel=\"noreferrer noopener\">Facebook<\/a><\/p>\n\n\n\n<p class=\"has-medium-font-size\">Retrouvez-moi pour un accompagnement personnalis\u00e9 ou bien pour des formations en groupe dans ma petite salle de soins au c\u0153ur du joli village proven\u00e7al Entrecasteaux.<\/p>\n\n\n<div class=\"wp-block-image\">\n<figure class=\"aligncenter\"><a href=\"https:\/\/www.google.fr\/maps\/place\/salle+de+Vera+Herboriste\/@43.514049,6.2400356,17z\/data=!3m1!4b1!4m14!1m7!3m6!1s0x12c951a310a77c2f:0xfa7896b3b8ec35d3!2ssalle+de+Vera+Herboriste!8m2!3d43.514049!4d6.2426105!16s%2Fg%2F11j3bg1rs5!3m5!1s0x12c951a310a77c2f:0xfa7896b3b8ec35d3!8m2!3d43.514049!4d6.2426105!16s%2Fg%2F11j3bg1rs5?entry=ttu&amp;g_ep=EgoyMDI1MDMwOC4wIKXMDSoASAFQAw%3D%3D\" target=\"_blank\" rel=\" noreferrer noopener\"><img data-recalc-dims=\"1\" loading=\"lazy\" decoding=\"async\" width=\"886\" height=\"695\" src=\"https:\/\/i0.wp.com\/desplantesetdesfemmes.fr\/wp-content\/uploads\/2024\/11\/maps.jpg?resize=886%2C695&#038;ssl=1\" alt=\"\" class=\"wp-image-110\" srcset=\"https:\/\/i0.wp.com\/desplantesetdesfemmes.fr\/wp-content\/uploads\/2024\/11\/maps.jpg?w=886&amp;ssl=1 886w, https:\/\/i0.wp.com\/desplantesetdesfemmes.fr\/wp-content\/uploads\/2024\/11\/maps.jpg?resize=300%2C235&amp;ssl=1 300w, https:\/\/i0.wp.com\/desplantesetdesfemmes.fr\/wp-content\/uploads\/2024\/11\/maps.jpg?resize=768%2C602&amp;ssl=1 768w\" sizes=\"auto, (max-width: 886px) 100vw, 886px\" \/><\/a><\/figure>\n<\/div>\n\n\n<p class=\"has-text-align-center has-regular-font-size\"><\/p>\n\n\n\n<p class=\"has-medium-font-size\">Il vaut mieux se garer sur le parking gratuit au village et venir \u00e0 la salle \u00e0 pied (ou bien je viendrai vous chercher pour vous \u00e9pargner le labyrinthe du vieux village).<\/p>\n\n\n\n<figure class=\"wp-block-gallery has-nested-images columns-default is-cropped wp-block-gallery-1 is-layout-flex wp-block-gallery-is-layout-flex\">\n<figure class=\"wp-block-image size-large\"><img data-recalc-dims=\"1\" loading=\"lazy\" decoding=\"async\" width=\"1024\" height=\"1024\" data-id=\"72\" src=\"https:\/\/i0.wp.com\/desplantesetdesfemmes.fr\/wp-content\/uploads\/2024\/10\/salleEXT3-1-1024x1024.jpg?resize=1024%2C1024&#038;ssl=1\" alt=\"\" class=\"wp-image-72\" style=\"aspect-ratio:1;object-fit:cover\" srcset=\"https:\/\/i0.wp.com\/desplantesetdesfemmes.fr\/wp-content\/uploads\/2024\/10\/salleEXT3-1.jpg?resize=1024%2C1024&amp;ssl=1 1024w, https:\/\/i0.wp.com\/desplantesetdesfemmes.fr\/wp-content\/uploads\/2024\/10\/salleEXT3-1.jpg?resize=300%2C300&amp;ssl=1 300w, https:\/\/i0.wp.com\/desplantesetdesfemmes.fr\/wp-content\/uploads\/2024\/10\/salleEXT3-1.jpg?resize=150%2C150&amp;ssl=1 150w, https:\/\/i0.wp.com\/desplantesetdesfemmes.fr\/wp-content\/uploads\/2024\/10\/salleEXT3-1.jpg?resize=768%2C768&amp;ssl=1 768w, https:\/\/i0.wp.com\/desplantesetdesfemmes.fr\/wp-content\/uploads\/2024\/10\/salleEXT3-1.jpg?w=1080&amp;ssl=1 1080w\" sizes=\"auto, (max-width: 1024px) 100vw, 1024px\" \/><\/figure>\n\n\n\n<figure class=\"wp-block-image size-large\"><img data-recalc-dims=\"1\" loading=\"lazy\" decoding=\"async\" width=\"1024\" height=\"1024\" data-id=\"73\" src=\"https:\/\/i0.wp.com\/desplantesetdesfemmes.fr\/wp-content\/uploads\/2024\/10\/bureau-1024x1024.jpg?resize=1024%2C1024&#038;ssl=1\" alt=\"\" class=\"wp-image-73\" srcset=\"https:\/\/i0.wp.com\/desplantesetdesfemmes.fr\/wp-content\/uploads\/2024\/10\/bureau.jpg?resize=1024%2C1024&amp;ssl=1 1024w, https:\/\/i0.wp.com\/desplantesetdesfemmes.fr\/wp-content\/uploads\/2024\/10\/bureau.jpg?resize=300%2C300&amp;ssl=1 300w, https:\/\/i0.wp.com\/desplantesetdesfemmes.fr\/wp-content\/uploads\/2024\/10\/bureau.jpg?resize=150%2C150&amp;ssl=1 150w, https:\/\/i0.wp.com\/desplantesetdesfemmes.fr\/wp-content\/uploads\/2024\/10\/bureau.jpg?resize=768%2C768&amp;ssl=1 768w, https:\/\/i0.wp.com\/desplantesetdesfemmes.fr\/wp-content\/uploads\/2024\/10\/bureau.jpg?resize=1536%2C1536&amp;ssl=1 1536w, https:\/\/i0.wp.com\/desplantesetdesfemmes.fr\/wp-content\/uploads\/2024\/10\/bureau.jpg?w=1701&amp;ssl=1 1701w\" sizes=\"auto, (max-width: 1024px) 100vw, 1024px\" \/><\/figure>\n<\/figure>\n\n\n<div class=\"wp-block-image\">\n<figure class=\"aligncenter size-full\"><img data-recalc-dims=\"1\" loading=\"lazy\" decoding=\"async\" width=\"870\" height=\"870\" src=\"https:\/\/i0.wp.com\/desplantesetdesfemmes.fr\/wp-content\/uploads\/2025\/03\/coursfemme.jpg?resize=870%2C870&#038;ssl=1\" alt=\"\" class=\"wp-image-165\" srcset=\"https:\/\/i0.wp.com\/desplantesetdesfemmes.fr\/wp-content\/uploads\/2025\/03\/coursfemme.jpg?w=870&amp;ssl=1 870w, https:\/\/i0.wp.com\/desplantesetdesfemmes.fr\/wp-content\/uploads\/2025\/03\/coursfemme.jpg?resize=300%2C300&amp;ssl=1 300w, https:\/\/i0.wp.com\/desplantesetdesfemmes.fr\/wp-content\/uploads\/2025\/03\/coursfemme.jpg?resize=150%2C150&amp;ssl=1 150w, https:\/\/i0.wp.com\/desplantesetdesfemmes.fr\/wp-content\/uploads\/2025\/03\/coursfemme.jpg?resize=768%2C768&amp;ssl=1 768w\" sizes=\"auto, (max-width: 870px) 100vw, 870px\" \/><\/figure>\n<\/div>","protected":false},"excerpt":{"rendered":"<p>Vous pouvez me contacter par t\u00e9l\u00e9phone au 06 03 97 86 11 ou sur ma page Facebook Retrouvez-moi pour un accompagnement personnalis\u00e9 ou bien pour des formations en groupe dans ma petite salle de soins au c\u0153ur du joli village proven\u00e7al Entrecasteaux. Il vaut mieux se garer sur le parking gratuit au village et venir &hellip;<\/p>\n","protected":false},"author":1,"featured_media":0,"parent":0,"menu_order":0,"comment_status":"closed","ping_status":"closed","template":"","meta":{"_monsterinsights_skip_tracking":false,"_monsterinsights_sitenote_active":false,"_monsterinsights_sitenote_note":"","_monsterinsights_sitenote_category":0,"footnotes":""},"class_list":["post-17","page","type-page","status-publish","hentry"],"yoast_head":"<!-- This site is optimized with the Yoast SEO plugin v27.2 - https:\/\/yoast.com\/product\/yoast-seo-wordpress\/ -->\n<title>contact &#8902; Des plantes et des femmes<\/title>\n<meta name=\"description\" content=\"Retrouvez-moi dans ma petite salle de soins au c\u0153ur du joli village proven\u00e7al Entrecasteaux au 11 mont\u00e9e de Villeuve.\" \/>\n<meta name=\"robots\" content=\"index, follow, max-snippet:-1, max-image-preview:large, max-video-preview:-1\" \/>\n<link rel=\"canonical\" href=\"https:\/\/desplantesetdesfemmes.fr\/index.php\/contact\/\" \/>\n<meta property=\"og:locale\" content=\"fr_FR\" \/>\n<meta property=\"og:type\" content=\"article\" \/>\n<meta property=\"og:title\" content=\"contact &#8902; Des plantes et des femmes\" \/>\n<meta property=\"og:description\" content=\"Retrouvez-moi dans ma petite salle de soins au c\u0153ur du joli village proven\u00e7al Entrecasteaux au 11 mont\u00e9e de Villeuve.\" \/>\n<meta property=\"og:url\" content=\"https:\/\/desplantesetdesfemmes.fr\/index.php\/contact\/\" \/>\n<meta property=\"og:site_name\" content=\"Des plantes et des femmes\" \/>\n<meta property=\"article:publisher\" content=\"https:\/\/www.facebook.com\/Veraherboriste\" \/>\n<meta property=\"article:modified_time\" content=\"2025-04-16T15:40:34+00:00\" \/>\n<meta property=\"og:image\" content=\"https:\/\/desplantesetdesfemmes.fr\/wp-content\/uploads\/2024\/11\/maps.jpg\" \/>\n<meta name=\"twitter:card\" content=\"summary_large_image\" \/>\n<meta name=\"twitter:label1\" content=\"Dur\u00e9e de lecture estim\u00e9e\" \/>\n\t<meta name=\"twitter:data1\" content=\"2 minutes\" \/>\n<script type=\"application\/ld+json\" class=\"yoast-schema-graph\">{\"@context\":\"https:\/\/schema.org\",\"@graph\":[{\"@type\":\"WebPage\",\"@id\":\"https:\/\/desplantesetdesfemmes.fr\/index.php\/contact\/\",\"url\":\"https:\/\/desplantesetdesfemmes.fr\/index.php\/contact\/\",\"name\":\"contact &#8902; Des plantes et des femmes\",\"isPartOf\":{\"@id\":\"https:\/\/desplantesetdesfemmes.fr\/#website\"},\"primaryImageOfPage\":{\"@id\":\"https:\/\/desplantesetdesfemmes.fr\/index.php\/contact\/#primaryimage\"},\"image\":{\"@id\":\"https:\/\/desplantesetdesfemmes.fr\/index.php\/contact\/#primaryimage\"},\"thumbnailUrl\":\"https:\/\/desplantesetdesfemmes.fr\/wp-content\/uploads\/2024\/11\/maps.jpg\",\"datePublished\":\"2024-10-09T13:19:38+00:00\",\"dateModified\":\"2025-04-16T15:40:34+00:00\",\"description\":\"Retrouvez-moi dans ma petite salle de soins au c\u0153ur du joli village proven\u00e7al Entrecasteaux au 11 mont\u00e9e de Villeuve.\",\"breadcrumb\":{\"@id\":\"https:\/\/desplantesetdesfemmes.fr\/index.php\/contact\/#breadcrumb\"},\"inLanguage\":\"fr-FR\",\"potentialAction\":[{\"@type\":\"ReadAction\",\"target\":[\"https:\/\/desplantesetdesfemmes.fr\/index.php\/contact\/\"]}]},{\"@type\":\"ImageObject\",\"inLanguage\":\"fr-FR\",\"@id\":\"https:\/\/desplantesetdesfemmes.fr\/index.php\/contact\/#primaryimage\",\"url\":\"https:\/\/desplantesetdesfemmes.fr\/wp-content\/uploads\/2024\/11\/maps.jpg\",\"contentUrl\":\"https:\/\/desplantesetdesfemmes.fr\/wp-content\/uploads\/2024\/11\/maps.jpg\"},{\"@type\":\"BreadcrumbList\",\"@id\":\"https:\/\/desplantesetdesfemmes.fr\/index.php\/contact\/#breadcrumb\",\"itemListElement\":[{\"@type\":\"ListItem\",\"position\":1,\"name\":\"Accueil\",\"item\":\"https:\/\/desplantesetdesfemmes.fr\/\"},{\"@type\":\"ListItem\",\"position\":2,\"name\":\"contact\"}]},{\"@type\":\"WebSite\",\"@id\":\"https:\/\/desplantesetdesfemmes.fr\/#website\",\"url\":\"https:\/\/desplantesetdesfemmes.fr\/\",\"name\":\"Des plantes et des femmes\",\"description\":\"Herboristerie pour la sant\u00e9 f\u00e9minine\",\"publisher\":{\"@id\":\"https:\/\/desplantesetdesfemmes.fr\/#organization\"},\"potentialAction\":[{\"@type\":\"SearchAction\",\"target\":{\"@type\":\"EntryPoint\",\"urlTemplate\":\"https:\/\/desplantesetdesfemmes.fr\/?s={search_term_string}\"},\"query-input\":{\"@type\":\"PropertyValueSpecification\",\"valueRequired\":true,\"valueName\":\"search_term_string\"}}],\"inLanguage\":\"fr-FR\"},{\"@type\":\"Organization\",\"@id\":\"https:\/\/desplantesetdesfemmes.fr\/#organization\",\"name\":\"Des plantes et des femmes\",\"url\":\"https:\/\/desplantesetdesfemmes.fr\/\",\"logo\":{\"@type\":\"ImageObject\",\"inLanguage\":\"fr-FR\",\"@id\":\"https:\/\/desplantesetdesfemmes.fr\/#\/schema\/logo\/image\/\",\"url\":\"https:\/\/i0.wp.com\/desplantesetdesfemmes.fr\/wp-content\/uploads\/2024\/10\/ut.jpg?fit=512%2C512&ssl=1\",\"contentUrl\":\"https:\/\/i0.wp.com\/desplantesetdesfemmes.fr\/wp-content\/uploads\/2024\/10\/ut.jpg?fit=512%2C512&ssl=1\",\"width\":512,\"height\":512,\"caption\":\"Des plantes et des femmes\"},\"image\":{\"@id\":\"https:\/\/desplantesetdesfemmes.fr\/#\/schema\/logo\/image\/\"},\"sameAs\":[\"https:\/\/www.facebook.com\/Veraherboriste\"]}]}<\/script>\n<!-- \/ Yoast SEO plugin. -->","yoast_head_json":{"title":"contact &#8902; Des plantes et des femmes","description":"Retrouvez-moi dans ma petite salle de soins au c\u0153ur du joli village proven\u00e7al Entrecasteaux au 11 mont\u00e9e de Villeuve.","robots":{"index":"index","follow":"follow","max-snippet":"max-snippet:-1","max-image-preview":"max-image-preview:large","max-video-preview":"max-video-preview:-1"},"canonical":"https:\/\/desplantesetdesfemmes.fr\/index.php\/contact\/","og_locale":"fr_FR","og_type":"article","og_title":"contact &#8902; Des plantes et des femmes","og_description":"Retrouvez-moi dans ma petite salle de soins au c\u0153ur du joli village proven\u00e7al Entrecasteaux au 11 mont\u00e9e de Villeuve.","og_url":"https:\/\/desplantesetdesfemmes.fr\/index.php\/contact\/","og_site_name":"Des plantes et des femmes","article_publisher":"https:\/\/www.facebook.com\/Veraherboriste","article_modified_time":"2025-04-16T15:40:34+00:00","og_image":[{"url":"https:\/\/desplantesetdesfemmes.fr\/wp-content\/uploads\/2024\/11\/maps.jpg","type":"","width":"","height":""}],"twitter_card":"summary_large_image","twitter_misc":{"Dur\u00e9e de lecture estim\u00e9e":"2 minutes"},"schema":{"@context":"https:\/\/schema.org","@graph":[{"@type":"WebPage","@id":"https:\/\/desplantesetdesfemmes.fr\/index.php\/contact\/","url":"https:\/\/desplantesetdesfemmes.fr\/index.php\/contact\/","name":"contact &#8902; Des plantes et des femmes","isPartOf":{"@id":"https:\/\/desplantesetdesfemmes.fr\/#website"},"primaryImageOfPage":{"@id":"https:\/\/desplantesetdesfemmes.fr\/index.php\/contact\/#primaryimage"},"image":{"@id":"https:\/\/desplantesetdesfemmes.fr\/index.php\/contact\/#primaryimage"},"thumbnailUrl":"https:\/\/desplantesetdesfemmes.fr\/wp-content\/uploads\/2024\/11\/maps.jpg","datePublished":"2024-10-09T13:19:38+00:00","dateModified":"2025-04-16T15:40:34+00:00","description":"Retrouvez-moi dans ma petite salle de soins au c\u0153ur du joli village proven\u00e7al Entrecasteaux au 11 mont\u00e9e de Villeuve.","breadcrumb":{"@id":"https:\/\/desplantesetdesfemmes.fr\/index.php\/contact\/#breadcrumb"},"inLanguage":"fr-FR","potentialAction":[{"@type":"ReadAction","target":["https:\/\/desplantesetdesfemmes.fr\/index.php\/contact\/"]}]},{"@type":"ImageObject","inLanguage":"fr-FR","@id":"https:\/\/desplantesetdesfemmes.fr\/index.php\/contact\/#primaryimage","url":"https:\/\/desplantesetdesfemmes.fr\/wp-content\/uploads\/2024\/11\/maps.jpg","contentUrl":"https:\/\/desplantesetdesfemmes.fr\/wp-content\/uploads\/2024\/11\/maps.jpg"},{"@type":"BreadcrumbList","@id":"https:\/\/desplantesetdesfemmes.fr\/index.php\/contact\/#breadcrumb","itemListElement":[{"@type":"ListItem","position":1,"name":"Accueil","item":"https:\/\/desplantesetdesfemmes.fr\/"},{"@type":"ListItem","position":2,"name":"contact"}]},{"@type":"WebSite","@id":"https:\/\/desplantesetdesfemmes.fr\/#website","url":"https:\/\/desplantesetdesfemmes.fr\/","name":"Des plantes et des femmes","description":"Herboristerie pour la sant\u00e9 f\u00e9minine","publisher":{"@id":"https:\/\/desplantesetdesfemmes.fr\/#organization"},"potentialAction":[{"@type":"SearchAction","target":{"@type":"EntryPoint","urlTemplate":"https:\/\/desplantesetdesfemmes.fr\/?s={search_term_string}"},"query-input":{"@type":"PropertyValueSpecification","valueRequired":true,"valueName":"search_term_string"}}],"inLanguage":"fr-FR"},{"@type":"Organization","@id":"https:\/\/desplantesetdesfemmes.fr\/#organization","name":"Des plantes et des femmes","url":"https:\/\/desplantesetdesfemmes.fr\/","logo":{"@type":"ImageObject","inLanguage":"fr-FR","@id":"https:\/\/desplantesetdesfemmes.fr\/#\/schema\/logo\/image\/","url":"https:\/\/i0.wp.com\/desplantesetdesfemmes.fr\/wp-content\/uploads\/2024\/10\/ut.jpg?fit=512%2C512&ssl=1","contentUrl":"https:\/\/i0.wp.com\/desplantesetdesfemmes.fr\/wp-content\/uploads\/2024\/10\/ut.jpg?fit=512%2C512&ssl=1","width":512,"height":512,"caption":"Des plantes et des femmes"},"image":{"@id":"https:\/\/desplantesetdesfemmes.fr\/#\/schema\/logo\/image\/"},"sameAs":["https:\/\/www.facebook.com\/Veraherboriste"]}]}},"jetpack_sharing_enabled":true,"_links":{"self":[{"href":"https:\/\/desplantesetdesfemmes.fr\/index.php\/wp-json\/wp\/v2\/pages\/17","targetHints":{"allow":["GET"]}}],"collection":[{"href":"https:\/\/desplantesetdesfemmes.fr\/index.php\/wp-json\/wp\/v2\/pages"}],"about":[{"href":"https:\/\/desplantesetdesfemmes.fr\/index.php\/wp-json\/wp\/v2\/types\/page"}],"author":[{"embeddable":true,"href":"https:\/\/desplantesetdesfemmes.fr\/index.php\/wp-json\/wp\/v2\/users\/1"}],"replies":[{"embeddable":true,"href":"https:\/\/desplantesetdesfemmes.fr\/index.php\/wp-json\/wp\/v2\/comments?post=17"}],"version-history":[{"count":14,"href":"https:\/\/desplantesetdesfemmes.fr\/index.php\/wp-json\/wp\/v2\/pages\/17\/revisions"}],"predecessor-version":[{"id":171,"href":"https:\/\/desplantesetdesfemmes.fr\/index.php\/wp-json\/wp\/v2\/pages\/17\/revisions\/171"}],"wp:attachment":[{"href":"https:\/\/desplantesetdesfemmes.fr\/index.php\/wp-json\/wp\/v2\/media?parent=17"}],"curies":[{"name":"wp","href":"https:\/\/api.w.org\/{rel}","templated":true}]}}